mmon divisor of 23139 and 491643?
27
Calculate the highest common factor of 3801878 and 906.
302
Calculate the greatest common divisor of 9739487 and 31620.
527
Calculate the highest common factor of 1710766 and 130138.
62
Calculate the highest common factor of 1041320 and 65240.
280
What is the greatest common factor of 14650218 and 3795?
759
What is the highest common factor of 37536 and 3114016?
736
Calculate the highest common factor of 9442888 and 2457.
91
Calculate the greatest common factor of 231134 and 20049.
163
What is the greatest common factor of 188188 and 227084?
572
What is the greatest common divisor of 55371880 and 16672?
4168
What is the highest common factor of 34915090 and 210?
70
Calculate the highest common divisor of 437 and 2034691.
19
What is the highest common divisor of 1305 and 23346015?
435
Calculate the highest common divisor of 1945215288 and 1083.
1083
What is the highest common divisor of 155821638 and 282?
282
What is the greatest common divisor of 8041 and 3414994?
187
What is the greatest common factor of 155096 and 16?
8
Calculate the greatest common factor of 13440 and 2563134.
42
Calculate the greatest common divisor of 121734 and 2358.
18
Calculate the highest common divisor of 1959344 and 20016.
2224
Calculate the greatest common divisor of 6286441 and 56.
7
What is the highest common divisor of 21780 and 44244?
36
What is the greatest common factor of 4300 and 10791108?
172
What is the greatest common factor of 216 and 3846312?
216
What is the highest common factor of 8607 and 6897831?
453
What is the highest common divisor of 50986903 and 1681?
41
What is the greatest common divisor of 777356 and 4?
4
Calculate the greatest common factor of 12116 and 7617935.
3029
What is the highest common divisor of 250 and 241190?
10
What is the greatest common divisor of 64590 and 131430?
30
What is the highest common divisor of 460676458 and 12364?
6182
What is the greatest common factor of 53244 and 1813356?
612
What is the greatest common divisor of 4591868 and 7232?
452
Calculate the greatest common factor of 40869 and 79914.
57
Calculate the greatest common factor of 256 and 4300416.
128
What is the greatest common factor of 1449244 and 38?
38
What is the greatest common factor of 80 and 61714416?
16
What is the greatest common divisor of 1727 and 89596760?
1727
Calculate the highest common divisor of 6955 and 1246148215.
6955
What is the greatest common divisor of 770 and 60887365?
385
Calculate the highest common factor of 19390492 and 12.
4
What is the greatest common factor of 387543533 and 338?
169
What is the greatest common divisor of 41907213 and 1053?
81
Calculate the greatest common divisor of 10913777 and 109592.
721
Calculate the greatest common divisor of 862529975 and 25.
25
Calculate the greatest common factor of 14018 and 166066.
86
What is the greatest common divisor of 661593 and 41417?
83
Calculate the highest common divisor of 407 and 111826321.
37
Calculate the greatest common factor of 3317 and 2204949.
107
What is the highest common divisor of 201930 and 4593590?
1270
What is the highest common divisor of 37240 and 388472?
392
What is the highest common factor of 500576 and 8160?
32
What is the greatest common divisor of 1682224736 and 64?
32
What is the greatest common factor of 13282 and 955057?
29
Calculate the highest common divisor of 651 and 350868.
21
Calculate the greatest common factor of 16671844 and 19908.
2212
Calculate the highest common factor of 5508 and 2571471.
153
What is the greatest common divisor of 114764558 and 2242?
118
What is the highest common factor of 51877864 and 8?
8
What is the greatest common divisor of 18126494 and 418?
38
What is the greatest common divisor of 831 and 282936?
3
Calculate the greatest common divisor of 60885335 and 35.
35
What is the highest common divisor of 1512 and 825720?
168
What is the highest common divisor of 15900 and 20200?
100
What is the highest common factor of 5102311 and 14111?
103
Calculate the highest common factor of 9334056 and 30624.
696
What is the greatest common factor of 1546 and 33899142?
1546
Calculate the highest common factor of 10194753 and 372.
93
Calculate the highest common divisor of 3716 and 4044.
4
What is the greatest common divisor of 598 and 124956884?
598
What is the greatest common factor of 307473604 and 1137?
379
What is the highest common factor of 432 and 38301?
3
What is the greatest common factor of 31644 and 4649324?
1172
What is the greatest common divisor of 1856 and 101885824?
64
Calculate the highest common divisor of 3149763 and 171.
57
What is the greatest common divisor of 235832693 and 4954?
2477
Calculate the greatest common divisor of 12060 and 335322270.
6030
Calculate the greatest common divisor of 1179027 and 5531985.
2421
Calculate the greatest common factor of 1735617 and 1006188.
573
Calculate the highest common factor of 9422 and 2818844.
14
Calculate the highest common divisor of 9847 and 1453830.
43
What is the greatest common divisor of 167 and 56618678?
167
Calculate the greatest common divisor of 175 and 19640705.
35
Calculate the highest common factor of 935 and 121480.
5
Calculate the highest common divisor of 27932498 and 638873.
8087
What is the greatest common divisor of 67815 and 70290?
495
What is the greatest common divisor of 1186382 and 76994?
562
What is the highest common divisor of 7181801 and 279?
31
Calculate the greatest common divisor of 711578 and 25893.
959
What is the highest common factor of 1380484 and 11844?
1316
What is the highest common divisor of 3375 and 119575?
25
Calculate the highest common factor of 2174 and 715176.
2
Calculate the greatest common divisor of 97244924 and 532.
28
Calculate the highest common factor of 195845 and 460.
115
What is the greatest common divisor of 20392396 and 669997?
3401
What is the highest common divisor of 870964 and 1886?
46
What is the greatest common divisor of 32917572 and 554?
554
What is the greatest common divisor of 10320 and 87394920?
5160
What is the highest common factor of 280 and 78030470?
70
What is the highest common factor of 143077 and 478254383?
13007
What is the greatest common factor of 17534 and 10110742?
1594
Calculate the highest common divisor of 19205873 and 48711.
1249
What is the highest common divisor of 1023 and 779559?
33
Calculate the greatest common divisor of 342 and 785194.
38
Calculate the greatest common factor of 9366 and 10580458.
3122
What is the highest common divisor of 984632 and 2479?
67
What is the highest common factor of 1176 and 2587584?
24
What is the highest common divisor of 55 and 7785415?
55
What is the greatest common factor of 4076 and 217675723?
1019
Calculate the greatest common factor of 11793982 and 1004062.
14986
What is the highest common factor of 66 and 255981?
33
Calculate the highest common factor of 1624 and 4745792.
232
Calculate the highest common factor of 18488163 and 3297.
471
What is the highest common divisor of 102131 and 7794339?
2491
What is the highest common divisor of 44485 and 601090?
1085
What is the highest common factor of 219568 and 5136?
16
Calculate the greatest common factor of 33328 and 15520.
16
Calculate the greatest common factor of 16464 and 11242854.
2058
Calculate the greatest common divisor of 33007 and 1327897.
2539
Calculate the highest common factor of 230 and 3080068.
46
Calculate the greatest common factor of 165452 and 19124.
28
Calculate the greatest common divisor of 311249 and 98569.
409
What is the greatest common factor of 50429667 and 19?
19
What is the greatest common divisor of 722654903 and 197?
197
Calculate the greatest common divisor of 3430 and 1200631712.
686
What is the greatest common divisor of 39617 and 313959?
229
What is the highest common divisor of 28564 and 4157992?
772
Calculate the highest common divisor of 178020 and 4085.
215
What is the greatest common divisor of 104901 and 18681?
1437
What is the highest common divisor of 50681118 and 51634?
4694
Calculate the greatest common divisor of 12965093 and 479.
479
What is the highest common divisor of 1411 and 2765726?
83
Calculate the highest common divisor of 266368 and 1833361.
2081
What is the greatest common factor of 4275 a